 of 8537994 and 16254?
2322
What is the greatest common divisor of 13365 and 2006895?
165
Calculate the highest common divisor of 63885361 and 47.
47
Calculate the highest common factor of 27236333 and 22217.
1709
What is the highest common factor of 24180 and 3636?
12
What is the highest common divisor of 2515 and 74535?
5
Calculate the greatest common divisor of 19197030 and 3990.
570
What is the greatest common factor of 13387 and 245834?
1217
What is the greatest common divisor of 2675355 and 885?
885
What is the highest common factor of 454604232 and 2676?
2676
Calculate the highest common factor of 252 and 286814304.
252
What is the highest common divisor of 71 and 150835879?
71
What is the highest common factor of 86018 and 246?
82
Calculate the greatest common factor of 489949 and 1577.
83
Calculate the highest common divisor of 30 and 61266210.
30
What is the greatest common divisor of 9947 and 33868114?
1421
What is the highest common divisor of 229347 and 5756160?
4497
What is the greatest common divisor of 49017 and 939?
3
What is the greatest common divisor of 22996006 and 1914?
22
Calculate the greatest common factor of 4988176 and 56.
8
Calculate the highest common factor of 43594380 and 660.
60
Calculate the highest common divisor of 10779408 and 848.
16
Calculate the highest common divisor of 664 and 74641236.
332
Calculate the highest common factor of 6461 and 24673423.
71
What is the highest common factor of 5095 and 228199955?
5095
Calculate the greatest common divisor of 256 and 239960704.
128
What is the greatest common factor of 352 and 60617546?
22
What is the greatest common divisor of 1653 and 250067?
29
What is the highest common factor of 731997 and 1043?
7
What is the highest common divisor of 23364 and 2244?
132
What is the greatest common factor of 31990206 and 18?
6
Calculate the highest common factor of 62694339 and 471.
471
What is the highest common factor of 513832 and 297?
11
What is the greatest common factor of 2576 and 395423728?
2576
Calculate the highest common factor of 53937 and 267813.
117
Calculate the greatest common factor of 6144 and 355008.
192
What is the highest common factor of 2863 and 16218895?
2863
Calculate the greatest common factor of 542887 and 684.
19
Calculate the highest common divisor of 2242240 and 28864.
704
Calculate the highest common factor of 270494 and 42686.
14
What is the greatest common factor of 9925808 and 40?
8
What is the highest common factor of 3800 and 11520232?
152
Calculate the highest common divisor of 747716 and 36059.
107
What is the highest common divisor of 114336 and 194598?
18
Calculate the greatest common divisor of 1024478 and 1776866.
2366
What is the highest common divisor of 127315571 and 831?
277
Calculate the highest common divisor of 572 and 10757890.
286
Calculate the highest common factor of 1750 and 30657550.
350
What is the greatest common factor of 189365 and 3065835?
1565
Calculate the greatest common divisor of 5145 and 710115.
105
What is the greatest common divisor of 58550 and 421970?
10
What is the highest common divisor of 3028407 and 19749?
681
What is the greatest common factor of 107836775 and 25?
25
Calculate the greatest common factor of 6418145 and 6315.
2105
What is the greatest common factor of 365207 and 3904?
61
What is the highest common factor of 2212 and 572513?
79
Calculate the greatest common divisor of 624 and 161499.
39
Calculate the highest common factor of 6194779360 and 427.
427
Calculate the greatest common factor of 103456 and 5098441.
3233
Calculate the greatest common divisor of 188 and 50673332.
188
What is the highest common factor of 25027078 and 982302?
6178
What is the greatest common factor of 1947196 and 8?
4
Calculate the highest common factor of 544902 and 1302786.
2766
Calculate the highest common factor of 823 and 86235586.
823
What is the greatest common factor of 12024033 and 2121?
21
What is the greatest common divisor of 60 and 11480790?
30
Calculate the highest common divisor of 32284683 and 77367.
1887
Calculate the greatest common factor of 11382728 and 21.
7
What is the highest common divisor of 176700210 and 1020?
510
What is the highest common factor of 1 and 3637903?
1
What is the greatest common divisor of 153652 and 84423?
107
Calculate the greatest common factor of 33705 and 211337091.
6741
Calculate the highest common factor of 4557 and 484437.
93
What is the greatest common factor of 32835394 and 916?
458
What is the greatest common divisor of 933036 and 208?
52
Calculate the greatest common divisor of 58091 and 269181.
11
What is the highest common factor of 2481 and 287786903?
827
What is the highest common factor of 3328 and 6552676?
52
What is the highest common factor of 3840 and 1995306240?
3840
What is the highest common factor of 12 and 42709857?
3
Calculate the highest common factor of 1089669 and 6783.
399
Calculate the greatest common factor of 316488425 and 4125.
275
What is the highest common divisor of 8720598 and 102?
6
Calculate the greatest common divisor of 9245460 and 3780.
420
Calculate the greatest common factor of 29023340 and 6948.
772
What is the highest common factor of 58745924 and 2004?
668
What is the greatest common divisor of 452 and 114049996?
452
Calculate the greatest common divisor of 26845 and 455.
455
Calculate the greatest common factor of 747813 and 19393.
473
Calculate the greatest common factor of 86 and 5264791.
43
What is the greatest common divisor of 176 and 15264496?
16
What is the highest common divisor of 16002553 and 9359?
1337
Calculate the greatest common divisor of 169 and 2221349.
13
Calculate the greatest common divisor of 3274571 and 79504.
4969
Calculate the greatest common divisor of 62135 and 169377.
43
Calculate the greatest common divisor of 18134 and 7344.
2
What is the greatest common divisor of 38770725 and 15?
15
What is the greatest common factor of 280 and 5862290?
70
Calculate the highest common factor of 605242 and 38918.
1342
What is the greatest common factor of 13761 and 675957?
417
Calculate the greatest common divisor of 98214480 and 14280.
840
What is the highest common divisor of 2471 and 622?
1
What is the highest common factor of 938451 and 816?
51
What is the highest common divisor of 79530702 and 29?
29
What is the highest common factor of 11310 and 7865090?
290
What is the greatest common divisor of 750347175 and 150?
75
Calculate the greatest common factor of 4109121 and 258084.
963
What is the highest common factor of 15 and 56907810?
15
Calculate the greatest common divisor of 192 and 258455112.
24
Calculate the highest common divisor of 28800 and 235800.
1800
What is the greatest common divisor of 4823 and 2100040306?
4823
What is the highest common factor of 165920357 and 17?
17
What is the greatest common factor of 183 and 10426852?
61
Calculate the greatest common factor of 3363451 and 2379741.
2093
What is the highest common divisor of 6 and 365503730?
2
Calculate the highest common divisor of 117 and 475661727.
9
What is the greatest common divisor of 242734700 and 1355?
1355
Calculate the highest common factor of 10712 and 12182840.
824
Calculate the highest common divisor of 2097 and 6937575.
699
What is the highest common divisor of 167 and 21392533?
167
Calculate the highest common factor of 207829 and 43292.
137
What is the greatest common divisor of 17892981 and 4293?
81
What is the greatest common factor of 106 and 10406391?
53
What is the highest common factor of 14300 and 65421950?
550
Calculate the highest common divisor of 847182 and 1104.
138
Calculate the highest common factor of 1330 and 663271.
133
What is the highest common divisor of 2192937 and 2375859?
2127
What is the greatest common factor of 3927000 and 326128?
1496
Calculate the greatest common factor of 908 and 371279838.
454
Calculate the highest common factor of 1128725 and 523135.
115
What is the highest common divisor of 1068607 and 8559?
317
What is the greatest common divisor of 5142222 and 696?
174
What is the highest common factor of 7833 and 58130931?
1119
Calculate the highest common divisor of 143 and 32196758.
11
Calculate the highest common divisor of 237557 and 8569.
19
What is the greatest common divisor o